(13). Suppose o*d - 2*d = 237. Let a = d + -53. What is the units digit of a?
6
Let c be (8/10)/(24/2400). Let j = c - 62. What is the units digit of j?
8
What is the units digit of (-4 - 42/(-10)) + (-133889)/(-155)?
4
Suppose q = -n + 73, -5*q - n + 21 = -332. Let f = -35 + q. Let l = f + 4. What is the tens digit of l?
3
Let m(a) = -a**2 + 11*a - 10. Suppose 2*u - 16 = 2. What is the units digit of m(u)?
8
Suppose 0 = 2*n - 2*d - 1922, -4*d + 1916 = -n + 3*n. Suppose -5*s + n = -0*s. What is the hundreds digit of s?
1
Let g(y) = -y + 1043. Let t be g(0). Let c be (-6)/(-8) + t/28. Suppose -4*z + 2 = -c. What is the tens digit of z?
1
What is the units digit of -3 + 7 - -1*42?
6
Suppose 3*l = -m + 1151, l + 5771 = -49*m + 54*m. What is the units digit of m?
4
Suppose 0*j + 5*j - 5223 = -3*a, -3*j = a - 3133. What is the thousands digit of j?
1
Suppose 4*w - 88 = 2*d, -12 = d - 4*d. Suppose 22*a + 36 = w*a. What is the units digit of a?
8
Suppose -5*h = -6*h + g - 3, -g = 4*h - 3. Suppose h = 6*k - k - 1030. What is the tens digit of k?
0
Suppose -j = 3*j + 5*o + 3231, 0 = 4*j + 3*o + 3241. Let v = -540 - j. What is the tens digit of v?
7
What is the hundreds digit of (-1)/8 + 111192/192?
5
Let r(v) = -v**3 + 26*v**2 + 57*v - 52. What is the units digit of r(27)?
8
Let h = -9 + 11. Let i be h/(16/12)*-26. Let b = i + 63. What is the units digit of b?
4
Suppose 424*s - 420*s = 1100. What is the tens digit of s?
7
Suppose 7 = 7*h - 14. Let t(f) = 13*f**2 - f - 9. What is the hundreds digit of t(h)?
1
Suppose 11 = -2*o - 3*b, 3*b + 2*b - 3 = 2*o. Let x be ((-1)/(-3))/(o/24). Let p = 4 - x. What is the units digit of p?
6
Let i(c) = c**2 - c + 357. Let a be i(0). Suppose 5*p - 440 = -5*l, -4*p + 0*l + a = -l. What is the units digit of p?
9
Let b = 69 + 17. Suppose -3*u + 45 = d, 5*u + 277 - b = 3*d. What is the tens digit of d?
5
Let t = -27 + 27. Suppose -3*l + 11 + 55 = t. What is the tens digit of l?
2
Suppose 2*t - 2*z = 12, t - 2 = -z - 2*z. What is the units digit of (-291)/(-15) - 2/t?
9
Let c(y) be the first derivative of -y**3/3 - 2*y**2 - 3*y - 10. Let x be c(-2). What is the units digit of 64 + x + -5 + 3?
3
Let p(a) = -a + 10. Let v be p(6). Suppose -3*d + 12 = t, -t = -0*t + 4*d - 15. Let r = v + t. What is the units digit of r?
7
Let v be (4 - (7 + -4))*2. Suppose 4*x = -2*w + 3*w + 401, 398 = 4*x + v*w. What is the units digit of x?
0
Suppose 18*s - 13*s = -220. What is the tens digit of (1518/s)/(1/(-6))?
0
Suppose 0*n - 4*y - 3152 = -4*n, -4*y + 773 = n. What is the units digit of n?
5
Suppose -23652 = -39*u + 21*u. What is the units digit of u?
4
Suppose 0 = -3*k + 402 + 852. What is the hundreds digit of k?
4
What is the hundreds digit of (-109835)/(-275) - 3/(-5)?
4
Suppose -5*w = 5*i + 15, -5*i + 0*w + 25 = -3*w. Suppose i*f + 146 = 2*q, -3*f - 16 + 241 = 3*q. What is the tens digit of q?
7
Let l = -24 - 76. Let m = l + 215. Suppose m = 2*f + 2*f + 3*k, -5*f + 5*k + 100 = 0. What is the units digit of f?
5
Suppose 3*c + 3 = 12. Suppose 2*r = -c*y + 39, 5*r - 39 = -6*y + 3*y. Suppose -m = -4*t - y + 56, m = 5*t - 55. What is the tens digit of t?
1
What is the units digit of 7/2*(-2 + 196)?
9
Suppose 0 = -5*t + 372 + 223. Let b = t + -12. What is the units digit of b?
7
Let p(l) = -l**3 - 13*l**2 - 12*l + 6. Let d be p(-12). Let x = -2 + d. Suppose -b - 5*m + 81 = 3*b, 0 = -x*m - 12. What is the tens digit of b?
2
Let s(k) = -720*k - 18. What is the thousands digit of s(-2)?
1
Suppose -n = n + 8. Let w be (-18)/12*n/6. What is the units digit of ((-1)/w + 0)*-5?
5
Let r(p) be the third derivative of -p**4/24 + 5*p**3/6 + 4*p**2. Let a be r(4). What is the units digit of (1 + 3)*a/2?
2
Suppose -3927 = -4*t - a, 11*t - 13*t + 5*a + 1947 = 0. What is the tens digit of t?
8
Let r = 11987 + -6547. What is the hundreds digit of r?
4
Let t(o) = 2*o**2 - 7*o + 3. Suppose 3*h + 0*u + 25 = -u, -3*h + 4*u = 35. What is the units digit of t(h)?
8
Let i(d) = 272*d**3 + 2*d**2 + 2*d - 3. What is the tens digit of i(1)?
7
Let s be (-1)/2 - (-466)/(-4) - 1. Let a = s + 202. What is the tens digit of a?
8
Let n(h) = -26*h + 14. Let z(i) = -52*i + 28. Let a(u) = -5*n(u) + 2*z(u). What is the units digit of a(4)?
0
Let l(c) = -70*c - 87. What is the tens digit of l(-27)?
0
Let h be (0 - 2)*35/10. Let p = 27 - h. Let s = p + -18. What is the tens digit of s?
1
Suppose -3770 = -2*y - 11*y. Suppose 342 = 2*a + 4*l + 48, y = 2*a + 2*l. What is the units digit of a?
3
Suppose -l - 573 = -2*z - 2*z, 146 = z - 3*l. Suppose -3*i + p + z = -0*i, 3*i + p = 139. Let q = 99 - i. What is the tens digit of q?
5
Let l = -38 + 62. Suppose -5*v - l = -9*v. Let w(i) = i**3 - 4*i**2 - 6*i - 6. What is the tens digit of w(v)?
3
What is the hundreds digit of (-1093608)/(-1281)*14/3?
9
Let o = 2412 + -1399. What is the tens digit of o?
1
Let u be (-30)/25*(7 + -2). What is the units digit of (66 - 1) + 12/u?
3
Let y(r) = -r**2 - 19*r. Let j be y(-19). Suppose j*k + 297 = 3*k. What is the tens digit of k?
9
Let c(h) = 27*h + 4. Let p(m) = -1. Let g(w) = -c(w) - 4*p(w). What is the units digit of g(-2)?
4
Suppose -2*z + 2 = 6, 5*n - 6 = -2*z. Suppose 5*i = -0*i + n*h + 420, 0 = h. What is the tens digit of i?
8
Let q(p) = 12*p**2 - 5 - 7 - 18*p + 4 + p**3. Let g be q(-13). Suppose -15*x + g = -12*x. What is the units digit of x?
9
Let s = 21 + -18. Suppose -129 = -3*c - 4*i, 0*c - 3*c + s*i = -129. What is the units digit of c?
3
Suppose 16*p = 18*p - 400. What is the tens digit of (p - -4)/((5 - 2)/3)?
0
Suppose -4*y = -4*n + 4, 2*y - y + 21 = 5*n. Suppose 2*h = l - 47, -4*l - n*h = -9*l + 230. What is the tens digit of l?
4
Suppose -568 = -o + 4*n, 17*o - 3*n = 12*o + 2925. What is the units digit of o?
8
Suppose 4*l + 10354 = 2*t, -4*l - 4476 = -3*t + 5879. Let y be (-1)/(l/(-648) - 4). Suppose -4*i - b + y = 2*b, b = 3*i - 128. What is the tens digit of i?
4
Suppose -27*o + 39*o - 34020 = 0. What is the tens digit of o?
3
Suppose 50 = -2*s + 4*i, -3*s - i = s + 64. Let z(h) = -2*h**3 + 25*h**2 - 10*h - 6. Let r be z(12). Let f = s + r. What is the units digit of f?
1
Suppose -2*r - 6 = -w, 2*w = 4*r + 4*w + 12. What is the units digit of -3 - (r - 131)/2?
4
Suppose -5*f - 5 = -35. Suppose 0 - 2 = 3*y - q, 4*y - 2*q = -f. What is the units digit of y?
1
Suppose 16*v - 21*v = -2795. What is the tens digit of v?
5
Let j(g) = g**2 + 5*g. Let x be j(-3). What is the units digit of (-2)/x*3 + 22?
3
Suppose -43 = -5*t + 337. Let d = -7 - 45. Let b = d + t. What is the units digit of b?
4
Suppose 4*v = 9*v - 1655. What is the tens digit of 1/(-3) - v/(-3)?
1
Let z(o) = o**2 - 4*o - 8. Let k be z(6). Suppose -4*d + 0 = 2*b + k, -b = -5*d - 12. What is the units digit of (5 + d)*6/2?
9
Let o(s) = s**2 - 3*s - 4. Let l be o(-1). Suppose 487 + 292 = 3*j - 2*x, l = 2*j + x - 517. What is the hundreds digit of j?
2
Let r(q) = 34*q + 11. What is the units digit of r(56)?
5
Let q = 3541 - 151. What is the tens digit of ((-1)/(-5))/(6/q)?
1
Let y(o) = -4*o - 9. Let g be y(-3). Suppose 3*h - 366 = -g*h. What is the units digit of h?
1
Let i(v) = v + 8. Let n(d) = -8 + d**2 - d**2 + d**2 - 6*d. Let a be n(8). What is the tens digit of i(a)?
1
Suppose -2*b + 7 = -1. Suppose 0 = -2*n + b*t + 100, -n = 3*n - 4*t - 192. What is the tens digit of n?
4
Let g(n) = 40*n**2 - 3*n + 10. What is the hundreds digit of g(4)?
6
Let a(u) be the first derivative of 2*u**3/3 + 3*u**2/2 + 3*u + 2. Let q be a(-3). Suppose -3*w + q = -21. What is the tens digit of w?
1
Suppose 5*l - 330 = -5*x, 3*x - 6*l + l - 206 = 0. Let h = x + -28. What is the units digit of h?
9
Let s(o) be the third derivative of 8*o**2 - o**4 + 0 + 0*o + 1/6*o**3. What is the tens digit of s(-2)?
4
What is the hundreds digit of (-3)/7 + (-62632)/112*-2?
1
Let j be 1 - (0/(-3) - 3). Suppose j*o = 2*o + 88. What is the units digit of o?
4
Let y(g) be the third derivative of 4*g**2 - 1/60*g**5 - 2/3*g**3 + 0 + 0*g - 1/24*g**4 - 1/120*g**6. What is the tens digit of y(-3)?
1
Suppose -2*h - 90 = -520. What is the hundreds digit of h?
2
Let l(p) be the first derivative of 2*p**2 - 9*p + 11. Let a be (1 + -2)*-9 - 1. What is the tens digit of l(a)?
2
Let a(n) = 17*n**3 - 3*n**2 + 3*n + 2. What is the units digit of a(3)?
3
Let h(a)